18
Calculate the remainder when 445980 is divided by 191.
186
Calculate the remainder when 202917 is divided by 50709.
81
Calculate the remainder when 143021 is divided by 41.
13
Calculate the remainder when 5189 is divided by 1715.
44
What is the remainder when 720814 is divided by 21?
10
Calculate the remainder when 968726 is divided by 1378.
1370
Calculate the remainder when 695 is divided by 176.
167
What is the remainder when 74291 is divided by 9?
5
What is the remainder when 1367 is divided by 328?
55
Calculate the remainder when 430412 is divided by 24.
20
What is the remainder when 767459 is divided by 15?
14
What is the remainder when 1822 is divided by 1429?
393
Calculate the remainder when 4511221 is divided by 607.
604
What is the remainder when 694 is divided by 72?
46
Calculate the remainder when 517605 is divided by 546.
543
Calculate the remainder when 37615 is divided by 9369.
139
Calculate the remainder when 82840 is divided by 190.
0
What is the remainder when 587357 is divided by 48946?
5
Calculate the remainder when 203362 is divided by 11.
5
What is the remainder when 1080563 is divided by 3?
2
Calculate the remainder when 620 is divided by 382.
238
What is the remainder when 19617 is divided by 466?
45
Calculate the remainder when 26105253 is divided by 155.
153
What is the remainder when 18235 is divided by 444?
31
Calculate the remainder when 331310 is divided by 383.
15
What is the remainder when 3552 is divided by 1774?
4
Calculate the remainder when 6584 is divided by 3271.
42
What is the remainder when 8743 is divided by 81?
76
What is the remainder when 3353 is divided by 666?
23
Calculate the remainder when 21089 is divided by 123.
56
What is the remainder when 13559 is divided by 308?
7
What is the remainder when 28842767 is divided by 36?
35
Calculate the remainder when 756024 is divided by 237.
231
Calculate the remainder when 1171 is divided by 4.
3
What is the remainder when 22884 is divided by 23?
22
What is the remainder when 596 is divided by 158?
122
What is the remainder when 12153 is divided by 2769?
1077
What is the remainder when 6453 is divided by 1053?
135
Calculate the remainder when 978 is divided by 436.
106
Calculate the remainder when 223877 is divided by 1735.
62
Calculate the remainder when 207603 is divided by 68.
67
Calculate the remainder when 1511 is divided by 461.
128
What is the remainder when 4117 is divided by 110?
47
What is the remainder when 15360 is divided by 7285?
790
What is the remainder when 175907 is divided by 18?
11
Calculate the remainder when 8095 is divided by 367.
21
What is the remainder when 459952 is divided by 101?
99
Calculate the remainder when 6075 is divided by 92.
3
What is the remainder when 72499 is divided by 51?
28
What is the remainder when 1133 is divided by 112?
13
What is the remainder when 417434 is divided by 16?
10
What is the remainder when 7537 is divided by 574?
75
What is the remainder when 25453 is divided by 128?
109
Calculate the remainder when 143469 is divided by 46.
41
Calculate the remainder when 17841 is divided by 2.
1
What is the remainder when 12962 is divided by 6203?
556
Calculate the remainder when 1754 is divided by 155.
49
What is the remainder when 62312 is divided by 455?
432
What is the remainder when 3635 is divided by 101?
100
Calculate the remainder when 2227 is divided by 278.
3
What is the remainder when 1520278 is divided by 824?
822
What is the remainder when 404 is divided by 5?
4
What is the remainder when 4685 is divided by 67?
62
Calculate the remainder when 59074 is divided by 4544.
2
Calculate the remainder when 2628 is divided by 2623.
5
Calculate the remainder when 249 is divided by 80.
9
What is the remainder when 14003 is divided by 6997?
9
Calculate the remainder when 10085 is divided by 2499.
89
What is the remainder when 48355 is divided by 248?
243
What is the remainder when 1561 is divided by 41?
3
What is the remainder when 15841 is divided by 2263?
0
Calculate the remainder when 13145 is divided by 4354.
83
What is the remainder when 8171 is divided by 1630?
21
What is the remainder when 5251 is divided by 1647?
310
What is the remainder when 96836 is divided by 8802?
14
What is the remainder when 21252 is divided by 72?
12
What is the remainder when 4951 is divided by 56?
23
What is the remainder when 15798 is divided by 4929?
1011
What is the remainder when 87044 is divided by 11?
1
Calculate the remainder when 147455 is divided by 11342.
9
Calculate the remainder when 220398 is divided by 464.
462
Calculate the remainder when 339155 is divided by 620.
15
Calculate the remainder when 13477 is divided by 44.
13
Calculate the remainder when 40609 is divided by 1563.
1534
What is the remainder when 2389 is divided by 264?
13
What is the remainder when 29436 is divided by 1091?
1070
What is the remainder when 38893 is divided by 207?
184
Calculate the remainder when 68009 is divided by 31.
26
Calculate the remainder when 99726 is divided by 16617.
24
What is the remainder when 3457 is divided by 828?
145
Calculate the remainder when 18595 is divided by 6195.
10
What is the remainder when 74599 is divided by 24862?
13
Calculate the remainder when 11714 is divided by 1669.
31
Calculate the remainder when 1804 is divided by 865.
74
Calculate the remainder when 9150 is divided by 1044.
798
Calculate the remainder when 73581 is divided by 134.
15
What is the remainder when 377546 is divided by 46?
24
Calculate the remainder when 81397 is divided by 623.
407
What is the remainder when 1241690 is divided by 413894?
8
What is the remainder when 20852 is divided by 17?
10
What is the remainder when 9658 is divided by 3165?
163
What is the remainder when 2710 is divided by 641?
146
What is the remainder when 11222 is divided by 3738?
8
Calculate the remainder when 15727 is divided by 83.
40
What is the remainder when 1596 is divided by 788?
20
What is the remainder when 18642 is divided by 1036?
1030
What is the remainder when 5542 is divided by 5533?
9
Calculate the remainder when 765662 is divided by 60.
2
Calculate the remainder when 729645 is divided by 188.
17
Calculate the remainder when 23082 is divided by 928.
810
What is the remainder when 1342 is divided by 245?
117
Calculate the remainder when 6422 is divided by 124.
98
What is the remainder when 239358 is divided by 18412?
2
What is the remainder when 40951 is divided by 6824?
7
Calculate the remainder when 637 is divided by 232.
173
Calculate the remainder when 36616 is divided by 102.
100
What is the remainder when 56838 is divided by 8?
6
What is the remainder when 557049 is divided by 6793?
23
Calculate the remainder when 17168 is divided by 10.
8
What is the remainder when 35078 is divided by 1496?
670
Calculate the remainder when 2732 is divided by 377.
93
What is the remainder when 7611 is divided by 235?
91
What is the remainder when 2866 is divided by 2682?
184
Calculate the remainder when 47611 is divided by 4761.
1
Calculate the remainder when 22016 is divided by 275.
16
What is the remainder when 75679 is divided by 16?
15
What is the remainder when 16250 is divided by 164?
14
What is the remainder when 159040 is divided by 89?
86
Calculate the remainder when 3932825 is divided by 327.
323
Calculate the remainder when 4482 is divided by 93.
18
Calculate the remainder when 53867 is divided by 13464.
11
What is the remainder when 22285 is divided by 7428?
1
What is the remainder when 936 is divided by 410?
116
What is the remainder when 136947 is divided by 34180?
227
What is the remainder when 285197 is divided by 200?
197
Calculate the remainder when 6434 is divided by 1545.
254
What is the remainder when 32553 is divided by 362?
335
What is the remainder when 1197512 is divided by 69?
17
What is the remainder when 12813 is divided by 17?
12
Calculate the remainder when 3668 is divided by 49.
42
Calculate the remainder when 179618 is divided by 140.
138
Calculate the remainder when 56626 is divided by 1159.
994
Calculate the remainder when 1835 is divided by 219.
83
Calculate the remainder when 24627 is divided by 122.
105
What is the remainder when 120080 is divided by 40015?
35
What is the remainder when 181153 is divided by 4?
1
W